 171.
153
Calculate the remainder when 89858053 is divided by 1082627.
12
What is the remainder when 4494145 is divided by 701?
34
Calculate the remainder when 1173898 is divided by 100.
98
Calculate the remainder when 735558 is divided by 18771.
3489
What is the remainder when 6740083 is divided by 875?
833
What is the remainder when 11532725 is divided by 29123?
17
Calculate the remainder when 12518521 is divided by 888.
385
Calculate the remainder when 62048406 is divided by 3168.
3126
What is the remainder when 61079 is divided by 3220?
3119
What is the remainder when 70381 is divided by 576?
109
Calculate the remainder when 59259587 is divided by 430.
427
What is the remainder when 1810183 is divided by 613?
607
What is the remainder when 2326263 is divided by 2326113?
150
What is the remainder when 319515528 is divided by 163?
157
What is the remainder when 5493939 is divided by 915656?
3
What is the remainder when 63405925 is divided by 33?
22
Calculate the remainder when 1894747 is divided by 604.
603
Calculate the remainder when 1815198 is divided by 727.
606
Calculate the remainder when 28986759 is divided by 14493367.
25
Calculate the remainder when 127141 is divided by 384.
37
Calculate the remainder when 241508 is divided by 3614.
2984
What is the remainder when 645568 is divided by 965?
948
What is the remainder when 4877951 is divided by 27?
23
Calculate the remainder when 19555626 is divided by 21210.
6
Calculate the remainder when 6287555 is divided by 65.
40
Calculate the remainder when 56962 is divided by 2547.
928
What is the remainder when 4584450 is divided by 9?
3
Calculate the remainder when 691058 is divided by 146.
40
What is the remainder when 179142 is divided by 44550?
942
What is the remainder when 405150 is divided by 134927?
369
Calculate the remainder when 442887 is divided by 2913.
111
What is the remainder when 52343766 is divided by 181?
14
Calculate the remainder when 35276102 is divided by 40.
22
What is the remainder when 3207065 is divided by 49?
15
Calculate the remainder when 28429 is divided by 4540.
1189
What is the remainder when 38535407 is divided by 1098?
1097
What is the remainder when 1385017 is divided by 461431?
724
Calculate the remainder when 7389063 is divided by 1188.
891
What is the remainder when 22337 is divided by 887?
162
Calculate the remainder when 8392417 is divided by 36.
25
Calculate the remainder when 1979972 is divided by 2052.
1844
What is the remainder when 186570 is divided by 61606?
1752
Calculate the remainder when 292287316 is divided by 2952397.
13
Calculate the remainder when 436695 is divided by 144216.
4047
What is the remainder when 15287986 is divided by 121?
120
Calculate the remainder when 12180597 is divided by 6.
3
What is the remainder when 453154 is divided by 2520?
2074
What is the remainder when 41735255 is divided by 41735203?
52
Calculate the remainder when 15119069 is divided by 8.
5
What is the remainder when 1168852 is divided by 458?
36
Calculate the remainder when 281488 is divided by 56267.
153
Calculate the remainder when 1864607 is divided by 372903.
92
What is the remainder when 7028758 is divided by 290?
28
What is the remainder when 22116652 is divided by 850640?
12
What is the remainder when 118357 is divided by 839?
58
What is the remainder when 138354 is divided by 25?
4
What is the remainder when 11493388 is divided by 8?
4
Calculate the remainder when 404129 is divided by 202043.
43
Calculate the remainder when 8006812 is divided by 153977.
8
What is the remainder when 10282792 is divided by 554?
552
Calculate the remainder when 351937 is divided by 3008.
1
Calculate the remainder when 2133 is divided by 293.
82
Calculate the remainder when 210781 is divided by 1670.
361
Calculate the remainder when 16943041 is divided by 1286.
1277
Calculate the remainder when 25584 is divided by 334.
200
Calculate the remainder when 3373226 is divided by 281101.
14
Calculate the remainder when 633381 is divided by 105518.
273
Calculate the remainder when 452672 is divided by 1149.
1115
What is the remainder when 109749749 is divided by 7965?
14
What is the remainder when 80747726 is divided by 14?
10
What is the remainder when 223141 is divided by 222994?
147
Calculate the remainder when 20570279 is divided by 263.
260
What is the remainder when 48467 is divided by 36?
11
Calculate the remainder when 970419499 is divided by 850.
849
What is the remainder when 3631874 is divided by 6251?
43
Calculate the remainder when 29883706 is divided by 40438.
24
What is the remainder when 6403271 is divided by 11?
6
Calculate the remainder when 382952 is divided by 127646.
14
Calculate the remainder when 4323088 is divided by 428.
288
Calculate the remainder when 1177137 is divided by 147142.
1
What is the remainder when 357099 is divided by 89231?
175
Calculate the remainder when 405966 is divided by 884.
210
What is the remainder when 14894093 is divided by 34?
19
What is the remainder when 8671176 is divided by 42?
24
What is the remainder when 19416065 is divided by 14425?
15
Calculate the remainder when 3012009 is divided by 313.
10
Calculate the remainder when 4092684 is divided by 584668.
8
What is the remainder when 1554622938 is divided by 56?
50
Calculate the remainder when 114918 is divided by 2387.
342
What is the remainder when 79176 is divided by 362?
260
Calculate the remainder when 1482973 is divided by 1689.
31
What is the remainder when 2293725 is divided by 27306?
21
What is the remainder when 3888723 is divided by 111106?
13
What is the remainder when 1584309 is divided by 3012?
3009
What is the remainder when 12387303 is divided by 269289?
9
What is the remainder when 513164 is divided by 2241?
2216
Calculate the remainder when 142583911 is divided by 93.
31
What is the remainder when 359251611 is divided by 119750536?
3
What is the remainder when 14624650 is divided by 71?
70
What is the remainder when 2270427 is divided by 40?
27
What is the remainder when 5068609 is divided by 693?
7
Calculate the remainder when 63575 is divided by 63522.
53
Calculate the remainder when 7469628 is divided by 308.
12
Calculate the remainder when 51230108 is divided by 409.
404
What is the remainder when 581038 is divided by 290504?
30
Calculate the remainder when 134608 is divided by 241.
130
Calculate the remainder when 3094046 is divided by 1688.
1630
Calculate the remainder when 14009650 is divided by 205.
155
Calculate the remainder when 4665 is divided by 4487.
178
What is the remainder when 151253695 is divided by 3501?
3493
Calculate the remainder when 99652 is divided by 19311.
3097
Calculate the remainder when 204819 is divided by 270.
159
What is the remainder when 74949 is divided by 52?
17
Calculate the remainder when 398623 is divided by 110.
93
Calculate the remainder when 4895671 is divided by 160.
151
Calculate the remainder when 2833075 is divided by 128774.
47
What is the remainder when 713007 is divided by 570?
507
What is the remainder when 833747 is divided by 37897?
13
What is the remainder when 22462599 is divided by 155?
154
Calculate the remainder when 211768 is divided by 234.
232
Calculate the remainder when 68350 is divided by 42.
16
What is the remainder when 1282974 is divided by 68?
18
What is the remainder when 2519 is divided by 1265?
1254
What is the remainder when 31733127 is divided by 1138?
1135
What is the remainder when 867169 is divided by 315?
289
What is the remainder when 29453129 is divided by 70?
69
Calculate the remainder when 114788410 is divided by 19.
5
Calculate the remainder when 4082174 is divided by 680358.
26
Calculate the remainder when 237112426 is divided by 823307.
10
Calculate the remainder when 957296 is divided by 319097.
5
Calculate the remainder when 7106 is divided by 830.
466
Calculate the remainder when 264074 is divided by 287.
34
What is the remainder when 70655755 is divided by 4111?
4109
Calculate the remainder when 6445497 is divided by 32.
25
What is the remainder when 792868 is divided by 27332?
240
Calculate the remainder when 1917677 is divided by 815.
797
Calculate the remainder when 872765 is divided by 14.
5
What is the remainder when 44903 is divided by 7460?
143
What is the re